 s(w) = o*w + w**2 - 8 + 8. Give s(i).
-5
Let q(v) = -9*v + 66. Suppose 2*i + 2*i = -5*w + 43, -4*w - 2*i = -32. What is q(w)?
3
Suppose 0 = -2*a - 5*w - 9, -4*a - 7*w + 3 = -4*w. Let g(k) = k**3 + 8*k - a - 6*k + 8 - 6*k**2. Calculate g(5).
-10
Let p(o) = 9 + 3*o - 509*o**2 - o**3 + 503*o**2 + 4*o. Let r(z) = -2*z**2 + 2*z - 3. Let d be r(2). What is p(d)?
9
Let y(j) = j + 11. Let m(s) = 1. Let x(a) = -4*a - 7. Let z be x(-2). Let l(q) = z*y(q) - 4*m(q). Calculate l(-7).
0
Let i(u) = 2*u**3 + 3*u**2 - 3*u + 1. Let j be i(1). Suppose 0 = b + 2*y - 3, j*b - 4*b = -2*y + 9. Let l(a) = a + 3. Determine l(b).
0
Let p(m) be the second derivative of m**3/3 - 5*m**2 - 167*m. Determine p(7).
4
Let l(a) = 2*a**3 + 25*a**2 - 7*a - 8. Let g(o) = -3*o**3 - 39*o**2 + 11*o + 13. Let c(h) = 7*g(h) + 11*l(h). Let v = -1 + -2. What is c(v)?
-6
Suppose -4*f = -3*a + 19, 3*a = -0*a + 15. Let p(l) = 2*l + 2*l**2 - l**2 - l - 3*l**2 + 1. Calculate p(f).
-2
Let f(h) = h**2 + 4*h + 1. Let s = 65 + -54. Let a(v) = -v**3 - 5*v**2 + 5*v + 8. Let j be a(-6). Let p = s - j. What is f(p)?
-2
Let z(t) = t - 1. Let c be z(4). Let y(x) = x + 3 - x - 6*x + 3*x. Give y(c).
-6
Suppose 3*i - 13 = 2*j - 0*j, -4*i - 3*j = -6. Let r(l) be the first derivative of 1 + 1/4*l**4 - l**2 - 2/3*l**3 - 3*l. Calculate r(i).
0
Let h(s) = 0 + 2*s**3 + 10*s**2 - 3*s**3 - 1 + 11*s. Suppose 29 = 4*t + 3*q, -2*t - 42 + 69 = -q. Calculate h(t).
-1
Let t(j) be the second derivative of j**3/6 - 21*j**2/2 + 86*j. Calculate t(10).
-11
Let i(n) be the third derivative of n**6/30 + n**5/15 + n**4/6 + n**3/3 + 149*n**2. Give i(-2).
-22
Let u(f) be the third derivative of f**4/24 + 2*f**3/3 - 2*f**2. Suppose 32*i - 1218 = -142*i. Determine u(i).
11
Let n = 18 - 15. Suppose -4*o = -2*p + 16, 0 = -n*p - 0*p - 5*o - 9. Let l(q) = -5 + p - 6*q + 2. Give l(-2).
11
Let c(a) = -a**2 + 5*a - 9. Let i be (-1)/8 - (-820)/160. Calculate c(i).
-9
Suppose 77 = 4*v + 101. Let l = 3 + -3. Let g(t) = -8 + 3 - 6*t**2 - t**3 + l*t**3. Calculate g(v).
-5
Let o = -7 + 13. Let v(j) = -4*j**3 + 2*j**2 + 2*j + 6. Let u(w) = -w - w**2 - 7 + 3*w**3 + 4*w**3 - 2*w**3. Let b(r) = -3*u(r) - 4*v(r). Calculate b(o).
3
Let t be ((-15)/(-2))/((-30)/(-40)). Suppose -t = 6*w + 128. Let m = -28 - w. Let c(n) = -n**2 - 5*n - 7. Determine c(m).
-7
Let x be (-26)/(-39) + (-61)/(-3). Let o = 18 - x. Let i(z) = -z**3 - 4*z**2 - 3*z - 1. Determine i(o).
-1
Let m be (-90)/405 + 130/18. Let z(u) = -u**2 + 6*u + 9. Calculate z(m).
2
Let a(b) be the second derivative of -1/6*b**3 + 2/3*b**4 + 2*b - 16 + 0*b**2. Calculate a(1).
7
Suppose 0 = -3*v + 5*d + 65, 2*v - 34 = 4*d - 3*d. Let h(g) = -6 + v - 4 - 2 - g**2 + 5*g. Let u be 171/27 + 3/(-9). Give h(u).
-3
Let z(m) = -5*m**2 + m - 1. Let o = -20 + 21. Suppose 4*v - o = -j, -3*j - 4 = -7*j + v. Give z(j).
-5
Let z(p) = -2*p. Let f(g) = 7*g + 2. Let n(c) = -6*f(c) - 22*z(c). Calculate n(11).
10
Let l be -22*2/(-36) - 2/9. Let w(k) be the first derivative of -4*k + 3/2*k**2 + 1/3*k**3 + l. Determine w(-5).
6
Suppose c + r + 8 = 5*r, 0 = -4*c - 3*r - 32. Let f = 16 + c. Let k(p) = -f - 2*p + 2*p + 0*p + p. Determine k(0).
-8
Let a(h) = 7*h + 4. Suppose -3*i - 3 = 3. Let o be a(i). Let n(s) = 2*s + 15. Determine n(o).
-5
Let q(p) = 11*p**3 + 2*p**2 + p. Let a(j) = -44*j + 46*j + 0 - 9. Let f be a(4). Determine q(f).
-10
Suppose 5*k = -x - 7, -7 = -5*x - 3*k - k. Suppose 0*v + 3*v + x = 0. Let u(n) = -1 + 4*n - 13*n + 6*n + 2*n + 7*n**2. Calculate u(v).
7
Suppose -3*t = -8*t - 5*w + 55, -5*t + 3*w + 31 = 0. Let p(f) = 2*f - 5. Give p(t).
11
Let p(z) = -6*z - z + 3*z - 143 + 128. Determine p(-6).
9
Let o(v) = v**2 + 7*v + 2. Let q be 0/4 + -1 + -1. Let h(r) = r**2 + r + 1. Let w be h(0). Let i be 5/(-2) + w/q. Determine o(i).
-10
Let z(a) = 211630*a - 2 - 3*a**2 + 8*a**2 - 211631*a - a**3. Suppose -3*x = -3*t - 30, 3*x = -5*t + 2*t. Let j be (-19)/t - (-2)/10. Determine z(j).
10
Let g(w) = -w**2 + 8*w - 4. Suppose -9*l + 20 = -4*l. Let o(p) = 7*p - 21. Let a be o(l). Determine g(a).
3
Let x(m) = m - 4. Let n be x(0). Let i(g) = g - 1. Let s(p) be the first derivative of -p**2/2 + p - 2. Let j(d) = -3*i(d) - 4*s(d). Calculate j(n).
-5
Let d(c) = 3 - 7*c + 0 - 4. Let s(r) = -2*r. Let n be s(-1). Determine d(n).
-15
Let s = -27 + 34. Let x(d) be the second derivative of -d**5/20 + 2*d**4/3 - d**3 - d**2 + 125*d. Calculate x(s).
5
Let p(g) = g**3 - 5*g**2 + 2*g + 4. Suppose -2*b + 5*o = -5 - 1, -2*b - 3*o + 6 = 0. Suppose 0 = b*x - 4*x + 4. Determine p(x).
-4
Let g be (-23)/(-7) - (-2)/(-7). Let p(m) be the second derivative of m**3/3 - m**2/2 + 50*m + 19. Determine p(g).
5
Let p(b) = 28*b - 89*b + 32*b + 30*b + 4. Suppose -54 + 18 = 5*j + 2*s, 3*j - 2*s + 12 = 0. Give p(j).
-2
Let b be (-1 - (-8 + -2))*(-12)/(-18). Let n(m) = -4*m + m + 0*m - b + m. What is n(-7)?
8
Let c(f) = -f**2 + 8*f. Let q be 2 - (1 - (4 - -2) - 1). What is c(q)?
0
Let i(l) be the second derivative of 4*l**3/3 + 4*l**2 - 150*l. Give i(-6).
-40
Let v(w) = -w - 5. Let l be (-21)/3 + 2 + -5 + 4. Give v(l).
1
Let h be ((-4)/(-72)*-3)/((-13)/234). Let l(i) be the first derivative of 1/4*i**4 + 5 - 2*i + 2*i**2 + 5/3*i**h. What is l(-4)?
-2
Let x(r) be the third derivative of r**7/840 - r**6/360 - r**5/120 - r**3/6 - 8*r**2. Let h(g) be the first derivative of x(g). Give h(-1).
-1
Let q(a) be the second derivative of -a**3/3 + 9*a**2/2 - 3*a. Let l be 0 + (0 - 3) + 0 + 6. Let f(d) = 2*d - 10. Let t(i) = l*q(i) + 2*f(i). Calculate t(6).
-5
Let v(f) be the second derivative of -2*f**4/3 + f**3/3 - f**2/2 + 6*f. Let k be (-2)/4 + ((-1)/2 - -2). Calculate v(k).
-7
Let k(b) be the first derivative of b**2 - 4*b + 13. What is k(5)?
6
Suppose -665 = -13*j + 6*j. Let s = j - 100. Let c(x) = x + 6. Determine c(s).
1
Suppose -1 - 5 = -b. Let p(a) = -2*a + 8. Let r(w) = -w. Let l = 8 + -7. Let x(h) = l*r(h) - p(h). Determine x(b).
-2
Let j be (-16)/(-6) - (-6)/(-9). Let q(m) = -3*m**3 + 4*m**2 - 4*m + 2. What is q(j)?
-14
Let z(w) = w**2 + 3*w - 1. Let i be 2 + 0/(2 - 0). Suppose t + i = 4. Give z(t).
9
Let y(b) = -b**2 - 3*b + 1. Let u(t) = -11*t + 2. Let d(m) = -u(m) + 4*y(m). What is d(1)?
-3
Suppose -12 = -7*s - 5. Let g(c) = 3*c**2 - 4*c - 3. Let k(d) = 4*d**2 - 6*d - 5. Let h(j) = 8*g(j) - 5*k(j). Calculate h(s).
3
Let w = 36 - 31. Let a(l) = -l**2 + 5*l + 2. Let j be a(5). Let h(d) = -3*d - w + 3*d + j*d - d. Determine h(0).
-5
Let v(b) = b**2 - 6*b - 1. Let w(r) = -3 - 5*r**3 + r**2 + 2 + 0*r**3. Suppose -11*t = 5 + 6. Let s be w(t). Calculate v(s).
-6
Let v(z) be the third derivative of 0*z + 0 - 4/3*z**3 + 1/24*z**4 - z**2. Give v(8).
0
Let w(r) = 1. Let a(g) = 2*g + 9. Let m(i) = -2*a(i) - 2*w(i). Let u(q) = 6*q + 29. Let z(x) = 7*m(x) + 5*u(x). Give z(-7).
-9
Let n(k) = -22*k + 137. Let y(l) = 5*l - 32. Let u(i) = 2*n(i) + 9*y(i). Determine u(0).
-14
Let s(g) = -11*g - 4. Let o(y) = -40 + 40 + 2*y. Let i(t) = -5*o(t) - s(t). What is i(-2)?
2
Let y(b) = 2*b - 2. Suppose 13 = 4*r + 3*d, -r - d = -4 - 0. Determine y(r).
0
Let g(j) = -j**3 + 4*j**2 - 2*j - 1. Let p = 97 + -77. Let w be (-3 + 52/p)*-5. Calculate g(w).
3
Let z(j) be the first derivative of -14*j + 6*j**2 - 19 - j**2 - 4*j**2. Determine z(10).
6
Let m(q) be the third derivative of -q**6/40 - q**5/30 + q**4/12 - 31*q**2. Let a(k) = -k**3 - k**2 + 1. Let h(f) = -2*a(f) + m(f). Give h(2).
-6
Let p(o) be the third derivative of -o**6/10 + o**4/24 + 3*o**2. Let f be ((-6)/18)/((-1)/27). Let s = -8 + f. What is p(s)?
-11
Suppose -2*x + x = -2. Suppose -3*u - x*n - 10 = 0, 2*u + 0*n + n + 5 = 0. Let i(b) = 502*b - 128*b - 123*b - 127*b - 1 - 125*b. Determine i(u).
-1
Let b(y) be the second derivative of -y**5/20 - 5*y**4/12 + 5*y**3/6 + 2*y**2 + 7*y. Determine b(-6).
10
Suppose 11*q + 9*q = -140. Let p(b) = -4*b - 21. Give p(q).
7
Let b(d) = d**3 + 6*d**2 + 4*d + 10. Let o be b(-6). Let j = -1 - o. Let l = j + -13. Let h(f) = -f**2 + f + 17. Determine h(l).
17
Suppose 2*h - 132 = -74. Suppose 9*z + h + 34 = 0. Let l(s) = -s**2 - 4*s + 3. Determine l(z).
-18
Let u(m) = m**2 - 4*m + 7. Let v(c) = 205*c + 210. Let w be v(-1). What is u(w)?
12
Let h(d) = 8*d - 19. Let s be h(-7). Let n = 85 + s. Let q(l) = -2*l + 15. Determine q(n).
-5
Let k(j) = j + 7. Suppose 5*c = 3*n - 20, -2*c + 4*